p) = p + 324. List the prime factors of h(46).
2, 5, 37
Suppose -4*l = 22*l - 23582. List the prime factors of l.
907
Let o(h) = -h**2 - 13*h - 10. Let l be o(-10). Let b be ((-98)/(-4))/(l/40). Let x = 85 - b. What are the prime factors of x?
2, 3
Suppose -6*t = -4*t - 6, 0 = 2*b + 2*t - 14. Suppose -3*n + 4*n + 2*o - 93 = 0, -4*n + 384 = b*o. What are the prime factors of n?
3, 11
Let t(c) be the third derivative of c**5/60 - 7*c**4/24 + 2*c**3 + 11*c**2. List the prime factors of t(11).
2, 7
Let v = 10 + -4. Suppose -3*h - v = -5*f - 30, 5*f + 27 = 4*h. List the prime factors of (83 + h)*(-1)/(-2).
43
Let q be (-2)/(-10) - 4/(-20)*9. Suppose -q*p + 196 = -2*o, -p - 3*o + 52 = -26. List the prime factors of p.
3, 31
Suppose 6*b + 141 = -75. Let v be (b/(-10))/(6/(-20)). What are the prime factors of (-82)/(-2) + (v - -14)?
43
Let k(s) = s + 15. Let t be k(-6). Suppose 3*f + 114 = t*f. List the prime factors of f.
19
Let a be 3*(-245)/15 + 4/1. Let c = a + 199. What are the prime factors of c?
2, 7, 11
Let y(b) = 11*b - 1. Let z(l) = -l**2 - l. Let m(t) = y(t) + z(t). List the prime factors of m(3).
2, 5
Suppose -1460 = -9*h - h. What are the prime factors of h?
2, 73
Let x(j) be the third derivative of 7*j**4/6 + j**3/6 + 9*j**2. Let c be x(2). Let o = c + -3. List the prime factors of o.
2, 3
Let w = 5 - -41. Suppose -5*t + 364 = -w. Suppose 0 = -5*p + t + 53. What are the prime factors of p?
3
Let r(n) be the first derivative of n**4/8 - n**3/6 - 3*n**2/2 + 9. Let y(g) be the second derivative of r(g). List the prime factors of y(1).
2
Let s(m) = -m**2 + 3*m + 2. Let x be s(2). Suppose 17 + 47 = x*f. Let u = f - 7. What are the prime factors of u?
3
What are the prime factors of (20/15 - 1)*(1819 - -2)?
607
Let j(c) = 2*c**3 + c**2 - 4*c**3 + 2 + 5*c**3 - 4*c**3. Suppose 4*z - 27 = -4*u - 11, 0 = 5*u - 5*z + 20. What are the prime factors of j(u)?
2
Suppose 6*o - 11*o + 1330 = 0. Suppose -o = -2*z + 5*d + 8, -4*d = 4*z - 520. List the prime factors of z.
2, 3, 11
Let u be 2/(-4)*(5 + -5). Suppose u = -6*t + 2*t - 20. List the prime factors of (t/2)/(4/(-16)).
2, 5
Let x(w) = 37*w + 9. Let n(s) = 74*s + 19. Let g(d) = -6*n(d) + 13*x(d). Let i be g(-2). Let k = -43 - i. List the prime factors of k.
2, 7
List the prime factors of ((-22)/(-6))/((-22)/33)*-58.
11, 29
Let q(v) = -4*v**3 - 8*v**2 - 4*v + 14. What are the prime factors of q(-7)?
2, 7, 73
Suppose -2990 = -2*q + 2*b, 192*b + 3006 = 2*q + 194*b. What are the prime factors of q?
1499
Let y be (-4)/2*(8 - -37). Let t = y - -142. What are the prime factors of t?
2, 13
Let m(h) = h**3 - 8*h**2 - 6*h - 12. Let a(b) = -b**3 + 10*b**2 + b - 1. Let s be a(10). List the prime factors of m(s).
3, 5
Let n(v) be the first derivative of -v**3/6 + 6*v**2 + 6*v + 6. Let s(y) be the first derivative of n(y). List the prime factors of s(-12).
2, 3
Suppose 30645 + 86859 = 54*o. List the prime factors of o.
2, 17
Let v(a) = -67*a**2 - a - 3. Let b(w) = -34*w**2 - w - 1. Let k(u) = -5*b(u) + 2*v(u). What are the prime factors of k(-2)?
137
Let n = 14552 - 9684. What are the prime factors of n?
2, 1217
Let k be (-5)/1*(-34)/5. What are the prime factors of (-4 - -1) + k/2?
2, 7
Suppose h = -4*h + 15. Let o(s) = -5*s + 2. Let q be o(h). Let r = -8 - q. List the prime factors of r.
5
Suppose 224345 = 33*u + 22*u. List the prime factors of u.
4079
Let o(c) be the third derivative of -c**4/24 + 2*c**3/3 + c**2. Let y be o(-3). List the prime factors of y/21*159*1.
53
Let f be 44 + -3 + 3 - -1. Let p = f - 9. What are the prime factors of p?
2, 3
Suppose -9586 - 8740 = -22*r. List the prime factors of r.
7, 17
Suppose -3*s + 5*s = -3*h + 4, h = 4*s + 6. Suppose -4*l = -h*j + 22, -4*l - 19 = -4*j + 3*j. Suppose -20 = -j*q + 1. What are the prime factors of q?
7
Let n = -259 + 422. Let p = -88 + n. List the prime factors of p.
3, 5
Let t be (-23)/46*(-16)/2. Suppose -c = t*x - 25, 0*c + 2*c - 44 = -5*x. List the prime factors of c.
17
Let d(u) = -7*u - 5. Let h(s) = 14*s + 11. Let i(n) = -5*d(n) - 3*h(n). What are the prime factors of i(-3)?
13
Let h be (-25)/(10/(-2)) - -3. Let g(y) = -y**3 + 10*y**2 - 11*y + 2. What are the prime factors of g(h)?
2, 3, 7
Let b(t) = t**2 + 20*t + 28. Suppose -29 = 3*c + 31. List the prime factors of b(c).
2, 7
Let c(g) be the second derivative of g**4/12 + 2*g**3/3 + 2*g**2 - 4*g. Let q be c(-4). Suppose j - 9 = -5*m, -j = 5 - q. What are the prime factors of m?
2
Let f(c) = c**2 + 9*c - 21. Let w be f(-11). What are the prime factors of w/5 + 348/30*8?
3, 31
Let k be -15*(0 - 8/(-20)). Let y(h) = h**2 + 6*h + 2. Let t be y(k). Suppose -2*l - t*n = -50, -4*l + n + 75 = -10. What are the prime factors of l?
2, 11
Let z be (-1 - -1) + 89 + -14. Suppose z = m - 75. List the prime factors of m.
2, 3, 5
Suppose -2*f = 6 - 18. Let h be 2 + (-2)/(-4)*4. Let t = f + h. What are the prime factors of t?
2, 5
Let r = -15 + 19. Suppose 0 = -r*h - 2 + 18. Suppose o = -3*x - 12 + 51, o + h*x - 41 = 0. What are the prime factors of o?
3, 11
Let s(h) be the third derivative of -5*h**4/12 - 5*h**3/3 + 2*h**2. Let w be s(-4). List the prime factors of w/(2 + (-3)/6).
2, 5
Let y(i) = -i**2 - 38*i - 32. List the prime factors of y(-23).
313
Let u = 15 + -9. Let a(o) = 14*o - 6. Let w be a(1). Let n = u + w. What are the prime factors of n?
2, 7
Let o(v) = 2*v**2 - 31*v - 249. What are the prime factors of o(52)?
3547
Let l be ((-9)/3)/((-2)/2). Let k be (-3344)/(-64) + 2/(-8). Suppose -y - 3*f = -3*y + 28, -k = -2*y - l*f. List the prime factors of y.
2, 5
Let p be (-4 + 70/15)*-66. Let j = p + 75. Let g = 51 - j. List the prime factors of g.
2, 5
Let l(q) = -2*q. Let v be l(-1). Suppose 4*b = -2*n + n + 22, -v*n - 3*b + 29 = 0. Suppose -3*t - n = -4*t. What are the prime factors of t?
2, 5
Suppose 0 = 18*i + 3001 - 37795. What are the prime factors of i?
1933
Let v(u) = u**2 - 1. Let w be (-4 - (-2 + -1)) + 0. Let a be (-2)/1*2 + w. What are the prime factors of v(a)?
2, 3
Let h(f) = 43*f**2 + f + 5. What are the prime factors of h(-4)?
13, 53
Let d be 2221/9 - 1/(-9)*2. Let s = -109 + d. What are the prime factors of s?
2, 3, 23
Suppose 2*c - 1 = -3*s, 9 = -3*c + 3*s - 12. Let n(q) = q**3 + q**2 - q - 1. Let r be n(c). Let u = 76 + r. What are the prime factors of u?
31
Suppose -18*o = -15*o - 9. Suppose 4*f = -5*g + 8*f + 917, 3*g = o*f + 552. List the prime factors of g.
181
Suppose 13*v - 7*v - 1536 = 0. Suppose -5*z - 2*m + 0*m + 1274 = 0, -m + v = z. List the prime factors of z.
2, 127
List the prime factors of ((-9712)/12)/((-16)/12).
607
Let c(a) = -2*a**3 - 27*a**2 - 18*a - 28. What are the prime factors of c(-13)?
37
Let p(u) = -2*u + 41. What are the prime factors of p(0)?
41
Let z(i) = -i - 8. Let m be -1*(0 + -2)*75/(-10). List the prime factors of z(m).
7
Suppose -k + 451 = 2*h, -2*h - 451 = -k - 7*h. What are the prime factors of k?
11, 41
Let t(y) = -94*y - 29. What are the prime factors of t(-6)?
5, 107
Suppose 9*s - 14*s = -150. What are the prime factors of ((-3732)/s)/(6/(-15))?
311
Let c(q) = q**3 + 11*q**2 - 10*q - 19. List the prime factors of c(-11).
7, 13
Let v(x) = x**2 + x - 1. Let u(z) = -3*z**2 - 6*z + 18. Let b(t) = -u(t) - 2*v(t). List the prime factors of b(-11).
61
Suppose 0*x = -h + 5*x, 0 = 3*h - 5*x - 10. Suppose -3*l - 5*n = 39 + h, 0 = 4*l - 2*n + 50. List the prime factors of 3/6 + l/(-2).
7
Suppose -4*j = 2*n - 400, 233 = n - 2*j + 53. What are the prime factors of n?
2, 5, 19
Let m(d) = -3*d + 1. Let l be m(-1). Let x(f) = 2*f. Let b be x(1). Suppose -3*u + u = -l, -b*r + 88 = -u. What are the prime factors of r?
3, 5
Suppose 2*w - 13 = -3, -2*a = -4*w + 10. Suppose -35 = -4*y + 3*z, 0 = -2*y - a*z + 7 + 4. Suppose 5*s - y = 42. List the prime factors of s.
2, 5
Suppose 36*d + 9 = 33*d. List the prime factors of (-236)/(d + (3 - 2)).
2, 59
Suppose 5*t + 72 = 757. Suppose -i - 3*q + t = 0, 411 = 3*i + 5*q - 4*q. List the prime factors of i.
137
List the prime factors of -1 + (-19251)/(-15) + (-12)/30.
2, 641
Let d = 144 + 158. List the prime factors of d.
2, 151
Let q(f) = 8*f**2 + 18*f - 6. What are the prime factors of q(-6)?
2, 3, 29
Suppose -11*g - 240 = -6*g. What are the prime factors of 3 - (7*g/3 - 0)?
5, 23
Let y(g) = 38*g + 647. List the pri